s the ten thousands digit of 415298903?
9
What is the units digit of 190408688?
8
What is the ten millions digit of 1169430540?
6
What is the hundred millions digit of 106937478?
1
What is the thousands digit of 177445783?
5
What is the hundred thousands digit of 217731172?
7
What is the units digit of 135706788?
8
What is the tens digit of 921377797?
9
What is the hundreds digit of 271048616?
6
What is the tens digit of 152968870?
7
What is the millions digit of 2234267695?
4
What is the hundred thousands digit of 5674293298?
2
What is the units digit of 865204014?
4
What is the tens digit of 83010195?
9
What is the units digit of 56113141?
1
What is the tens digit of 226385126?
2
What is the hundreds digit of 4070608?
6
What is the ten millions digit of 196206274?
9
What is the thousands digit of 664712326?
2
What is the hundreds digit of 119857666?
6
What is the billions digit of 2656620085?
2
What is the hundreds digit of 46017286?
2
What is the ten millions digit of 564611887?
6
What is the units digit of 67346432?
2
What is the hundred thousands digit of 684177204?
1
What is the hundred thousands digit of 70267809?
2
What is the units digit of 22278430?
0
What is the hundreds digit of 9490993?
9
What is the hundreds digit of 1635696241?
2
What is the ten millions digit of 14161554?
1
What is the millions digit of 1240040942?
0
What is the hundred millions digit of 149513074?
1
What is the tens digit of 3054989301?
0
What is the thousands digit of 702238937?
8
What is the units digit of 2665981919?
9
What is the units digit of 913893872?
2
What is the hundreds digit of 1079704793?
7
What is the units digit of 208685097?
7
What is the ten thousands digit of 859723396?
2
What is the hundred thousands digit of 3210036223?
0
What is the millions digit of 420286906?
0
What is the hundred millions digit of 274402308?
2
What is the ten thousands digit of 27872396?
7
What is the hundreds digit of 334512485?
4
What is the units digit of 219243798?
8
What is the hundreds digit of 92272057?
0
What is the thousands digit of 28338552?
8
What is the hundred thousands digit of 2993508488?
5
What is the hundred thousands digit of 109460917?
4
What is the millions digit of 39732818?
9
What is the thousands digit of 44764220?
4
What is the thousands digit of 4629063927?
3
What is the thousands digit of 1128588679?
8
What is the units digit of 535596271?
1
What is the millions digit of 267078967?
7
What is the hundreds digit of 1260075383?
3
What is the millions digit of 1230280568?
0
What is the hundred thousands digit of 55773310?
7
What is the hundred millions digit of 679874626?
6
What is the units digit of 262077898?
8
What is the ten millions digit of 1829364865?
2
What is the hundred millions digit of 5229601329?
2
What is the hundred thousands digit of 322811040?
8
What is the units digit of 122372476?
6
What is the thousands digit of 338431605?
1
What is the ten millions digit of 13581848?
1
What is the hundreds digit of 97766827?
8
What is the millions digit of 684565613?
4
What is the hundreds digit of 2603472?
4
What is the hundred thousands digit of 2640852181?
8
What is the hundred millions digit of 598778126?
5
What is the hundred thousands digit of 504312901?
3
What is the millions digit of 406436533?
6
What is the thousands digit of 893633447?
3
What is the hundreds digit of 26031544?
5
What is the units digit of 760639730?
0
What is the thousands digit of 162581769?
1
What is the billions digit of 4451055044?
4
What is the units digit of 561912507?
7
What is the ten thousands digit of 154571356?
7
What is the ten millions digit of 1336575593?
3
What is the hundred millions digit of 107252368?
1
What is the hundred millions digit of 619067221?
6
What is the thousands digit of 443081591?
1
What is the millions digit of 8950859?
8
What is the ten millions digit of 199704308?
9
What is the ten millions digit of 298219182?
9
What is the hundreds digit of 1851497740?
7
What is the units digit of 865215427?
7
What is the hundred millions digit of 183110334?
1
What is the tens digit of 100464061?
6
What is the ten millions digit of 279319564?
7
What is the thousands digit of 3265288903?
8
What is the tens digit of 150151060?
6
What is the ten thousands digit of 93282121?
8
What is the hundred thousands digit of 360796087?
7
What is the tens digit of 6488093829?
2
What is the ten thousands digit of 223224756?
2
What is the units digit of 58401812?
2
What is the hundred millions digit of 140063387?
1
What is the ten millions digit of 70128411?
7
What is the hundred millions digit of 2297367317?
2
What is the hundreds digit of 426869332?
3
What is the hundreds digit of 765267975?
9
What is the units digit of 4222161621?
1
What is the units digit of 1837756369?
9
What is the hundred millions digit of 784755572?
7
What is the units digit of 90707238?
8
What is the units digit of 1206185041?
1
What is the millions digit of 131223935?
1
What is the thousands digit of 99550348?
0
What is the hundreds digit of 14748649?
6
What is the tens digit of 941138997?
9
What is the hundreds digit of 1914085098?
0
What is the units digit of 1017552541?
1
What is the ten millions digit of 5949370398?
4
What is the millions digit of 3621759?
3
What is the millions digit of 93927040?
3
What is the thousands digit of 66177369?
7
What is the tens digit of 3258963551?
5
What is the hundred millions digit of 612816050?
6
What is the hundred thousands digit of 359296851?
2
What is the ten thousands digit of 703731192?
3
What is the millions digit of 3161534767?
1
What is the hundred millions digit of 639370685?
6
What is the hundred millions digit of 2297995303?
2
What is the tens digit of 1955478028?
2
What is the hundred millions digit of 115032561?
1
What is the millions digit of 278676140?
8
What is the millions digit of 369877424?
9
What is the ten millions digit of 24692321?
2
What is the hundred thousands digit of 77569145?
5
What is the hundreds digit of 171567952?
9
What is the ten thousands digit of 359007714?
0
What is the units digit of 19721872?
2
What is the ten thousands digit of 282340481?
4
What is the millions digit of 19917585?
9
What is the hundred millions digit of 125720451?
1
What is the thousands digit of 7894657393?
7
What is the hundred thousands digit of 2082503726?
5
What is the ten thousands digit of 31637469?
3
What is the ten thousands digit of 3053340477?
4
What is the hundreds digit of 298504070?
0
What is the tens digit of 1599307317?
1
What is the ten thousands digit of 7224178117?
7
What is the units digit of 374462144?
4
What is the tens digit of 663563899?
9
What is the millions digit of 224616774?
4
What is the thousands digit of 10255006?
5
What is the tens digit of 374380073?
7
What is the thousands digit of 1161130739?
0
What is the thousands digit of 599189045?
9
What is the ten thousands digit of 64281542?
8
What is the hundreds digit of 148640846?
8
What is the units digit of 822986420?
0
What is the billions digit of 1765070794?
1
What is the ten thousands digit of 2345875054?
7
What is the units digit of 308134270?
0
What is the units digit of 218388991?
1
What is the thousands digit of 673813439?
3
What is the ten thousands digit of 752489991?
8
What is the ten millions digit of 156569045?
5
What is the ten millions digit of 98908859?
9
What is the hundred millions digit of 125452832?
1
What is the hundreds digit of 593276201?
2
What is the hundred thousands digit of 17505800?
5
What is the hundred millions digit of 122842543?
1
What is the units digit of 4057775?
5
What is the tens digit of 317913355?
5
What is the millions digit of 608039960?
8
What is the hundred thousands digit of 670414559?
4
What is the units digit of 69596812?
2
What is the units digit of 581590438?
8
What is the hundreds digit of 93191992?
9
What is the hundreds digit of 177467244?
2
What is the tens digit of 2114105727?
2
What is the ten thousands digit of 152082210?
8
What is the millions digit of 300208176?
0
What is the hundreds digit of 271413545?
5
What is the thousands digit of 1214590186?
0
What is the units digit of 74752868?
8
What is the hundreds digit of 72577369?
3
What is the units digit of 68449333?
3
What is the tens digit of 765813